*q. Is q composite?
True
Let n(r) = -1432*r - 1915. Is n(-68) composite?
False
Let c(p) = 152*p + 119. Let k(r) = 302*r + 234. Let v(t) = -5*c(t) + 2*k(t). Is v(-9) composite?
False
Suppose -3765 = -10*j - 1165. Suppose -3*k - 3*u + 111 + 237 = 0, -2*k = -5*u - j. Let d = 65 + k. Is d composite?
True
Suppose -651949 = -46*h + 17*h. Is h prime?
True
Let u(t) = 3460*t**2 - 71*t + 11. Is u(4) a composite number?
True
Let o(w) = 2202*w**2 - 16*w - 79. Is o(-8) a prime number?
True
Let m(c) = c**3 - 9*c**2 + 4*c + 7. Let l be m(9). Let u = 43 - l. Suppose u*y = -5*y + 5275. Is y composite?
True
Suppose -11 = -17*m + 6. Let s(x) = 56*x**3 - 2*x**2 + x. Is s(m) a composite number?
True
Let p(s) = -4 - 22 - s**3 + 19*s - 1 + 16*s**2 - 2. Let o be p(17). Is 8/12*((-63870)/(-4))/o composite?
False
Let k = 165 + -148. Let b(t) = t**3 - 13*t**2 + 2*t + 23. Is b(k) a composite number?
False
Let o(f) = 4*f**3 - 183*f**2 + 107*f - 757. Is o(58) composite?
True
Let j(i) = 175*i**2 + 223*i - 53. Is j(-52) prime?
False
Is 207/299*13 + (-566720)/(-2) prime?
True
Let n(z) = -2*z**3 + 100*z**2 + 36*z - 677. Is n(42) a prime number?
True
Suppose 12*g = 5*j + 9*g - 1857, -1115 = -3*j + g. Suppose 369*l = j*l - 10227. Is l a prime number?
False
Let u(q) = -q**2 + 10*q - 6. Suppose -8 = -2*f + 2*o, 5*o - 30 = -5*f + 40. Let a be u(f). Suppose -3*s = 15, -4*z - a*s = 2*s - 2979. Is z a prime number?
True
Suppose 3*s - 6*s + 6 = 0, 4*n - 2*s - 4 = 0. Suppose n*v - 18591 = -v + 5*z, z = 3*v - 18591. Is v composite?
False
Let p(z) = -z**3 + 14*z**2 + 15*z - 18. Let g be p(15). Let b = 1105 - g. Is b prime?
True
Let w(n) be the first derivative of -39 + 4*n + 3/2*n**2 + 52/3*n**3. Is w(-1) prime?
True
Let c be 5576*-3*(-6)/9. Suppose -11248 - c = -8*t. Suppose -n = -t + 326. Is n a composite number?
True
Suppose 2*y + 2738463 = 4*w - 1088021, 9566210 = 10*w - y. Is w composite?
True
Let f be 10/(-3)*((-203)/14 + -2). Suppose 0 = f*p - 111268 - 258827. Is p a composite number?
True
Suppose -3218988 = -222*p + 48996078. Is p prime?
False
Let b = -4 + 17. Let y(n) = 2*n**2 + n - 28. Let j be y(b). Suppose 2800 + j = 9*f. Is f a prime number?
True
Let h be (115/(-3))/((-9)/(-27)). Let p be (-18)/(5/(h/(-2))). Let o = 373 + p. Is o composite?
True
Suppose 5*l - 2416 - 5174 = 0. Is (6/6)/(6/l) a composite number?
True
Let g = -1692 + 710. Let q = 1481 + g. Is q prime?
True
Let p = 171956 - 95562. Is p composite?
True
Let d(f) = 1324*f**2 + 21*f + 43. Is d(-5) a prime number?
False
Let a = 209710 - 84119. Is a prime?
True
Suppose 4*b + 19 = 51. Suppose -b = -14*f + 20. Suppose -f*p - 4993 = -5*c, c - 993 = -0*c - p. Is c prime?
True
Suppose 48*k = 53*k + 38580. Let x = k + 14847. Is x composite?
True
Let j(z) = 40*z**2 + 31*z - 3250. Is j(119) prime?
True
Let z(q) = q + 2. Let v be z(1). Let l(h) = 812*h - 4. Let n be l(v). Suppose 4*u - 4*k = 968 + 992, k - n = -5*u. Is u prime?
True
Suppose 3*c - 8504 = 7960. Let m = c - 1683. Is m composite?
True
Suppose 230006 = -15*c + 705821. Is c prime?
True
Let v(k) be the first derivative of -5*k**4/2 - 7*k**3/3 + 12*k - 905. Suppose -5*g - 15 = -2*g. Is v(g) prime?
True
Is -180 + 189 - (-19525 + -1) a composite number?
True
Suppose 2130 = 4*v + 2106, 2*n = -2*v + 36250. Is n composite?
False
Suppose -11*o = -6*o - 20. Let b(k) = 59*k**2 + 2*k - 32 + 3*k + 159*k**2 + 27. Is b(o) prime?
False
Let l = -36 + 36. Suppose -7892 = -2*d + 5*m - 4*m, l = -2*d + 3*m + 7888. Is d a composite number?
False
Is (52 + -8)*12406/8 prime?
False
Let s = 670107 + -416486. Is s prime?
False
Let o be 3 + (6 - -2) + -3. Suppose 2*p + o + 113 = 5*n, -p = 2*n + 38. Is p/(-72) + (-14)/12*-986 a composite number?
False
Is (29769/2)/((-19)/((-10982)/51)) a prime number?
False
Is -83 - -75 - (-102481 - 0/2) a composite number?
True
Suppose -130*s + 126*s - 288 = 0. Let m = s + 51. Is 3295/7 + (-6)/m prime?
False
Let l(o) = -75836*o + 225. Is l(-2) a composite number?
False
Let d = 883 - 1875. Let j = 158 - d. Let t = j + 1157. Is t prime?
False
Let t = -215 - -184. Is 186/t - (1 - 3240) prime?
False
Let o(t) = 216*t**2 - 3*t + 12. Let b be o(-3). Let f = -566 + b. Is f a prime number?
True
Let t be (-4)/28*-7*141893. Suppose -t + 11708 = -5*d + 5*b, -130201 = -5*d + b. Is d a composite number?
False
Let v(o) = -4*o - 18. Let s(t) = t**2 + 4*t - 10. Let h be s(-5). Let l be v(h). Suppose l*y - 286 = 2052. Is y prime?
False
Let a(v) = 337*v + 27. Suppose -5*g + 10 = 0, 10*g - 6*g - 16 = -4*s. Is a(s) a prime number?
True
Suppose 22*o + 150673 = 12*o + 821783. Is o composite?
True
Suppose -3*n = -4*u + 21, u - n = 6*u - 12. Suppose -5*a + 2112 = u*a. Suppose -j = -223 - a. Is j a composite number?
False
Suppose 10*l + 41292 - 148742 = 0. Let x = -2928 + l. Is x a composite number?
False
Let g = -231 - -161. Is -13502*(-2)/5 + (-14)/g a prime number?
False
Let i = 226 - 202. Suppose -3*p - 242193 = -i*p. Is p a composite number?
True
Is 50412 - ((-8 - 30) + 17) a prime number?
False
Let d = 349027 - 203264. Is d a prime number?
False
Let k(u) = -35339*u + 12475. Is k(-8) prime?
True
Let c(w) = 16*w**2 - 263*w - 222. Is c(-35) prime?
False
Suppose 0 = 5*x + z + 46279, 0*x - 5*z = -x - 9261. Let i = x + 18541. Suppose 6*g - 11*g = -i. Is g composite?
True
Let d(g) = -21631*g - 5251. Is d(-20) composite?
False
Suppose -588*t + 590*t = -3*f + 212307, -3*f - t = -212307. Is f composite?
False
Suppose 13*q - 23003 - 40245 - 136809 = 0. Is q a composite number?
True
Let c be ((7 + 5)*9)/(4/(-122)). Let k = c - 1200. Let y = k + 6589. Is y a prime number?
False
Suppose 13*h = 4*h + 36. Suppose 41711 = h*u + 3*i, 5*u + 5*i - 4280 = 47860. Is u prime?
True
Suppose 5*d - 15 = 0, -53*m + 49*m - 2*d = -14. Suppose 2*j - 7136 = -5*g - 151, 5*j = -m*g + 2773. Is g a prime number?
True
Let m(a) = 12*a + 115. Let p be m(-10). Let v be 3915/25 - 2/(-5). Is -4*p/20*v prime?
True
Suppose -157*m = -216*m + 177. Let z be (1/1)/((-1)/(-155)). Suppose 5*a - 2*i - 1752 = z, -1139 = -m*a - 4*i. Is a a composite number?
True
Let j = 4554 - -4184. Suppose 11*t - 27243 = j. Is t a composite number?
False
Let n = 0 + -20. Let i(p) = -313*p - 15. Is i(n) a composite number?
True
Let y = 58 - 53. Suppose 0 = 3*i + y*r + 16, 3*i - 5*r = 2*i + 8. Is (-242)/(i - (-3 - -3)) prime?
False
Let z(s) = -9*s**3 + 4*s**2 - 34*s + 11. Suppose 0 = 2*h - 2*x + 16, 0 = -4*h - 5*x - 45 + 13. Is z(h) composite?
False
Let r(j) = j**2 - 26*j + 136. Let s be r(10). Is (-1)/(-1) - -3686 - (-96)/s prime?
False
Is 65480 - (-11 - -7)/(-4) a composite number?
False
Let c(n) = 602*n + 48613. Is c(0) composite?
True
Let r be 696/((-85)/(-70) + 0 - 1). Let v = 4809 - r. Is v a prime number?
False
Suppose 440884 + 2129269 = 43*k. Is k a composite number?
False
Suppose -3*w - 68 = i - 183, 4*w - 4*i - 132 = 0. Suppose 72*g - 106715 = w*g. Is g composite?
False
Let b(v) be the second derivative of v**8/1120 - v**7/420 + 11*v**6/720 + v**5/20 + 7*v**4/4 + 4*v. Let y(a) be the third derivative of b(a). Is y(7) composite?
False
Let v = 9543 + 222944. Is v a composite number?
False
Is ((-65)/26*483634)/(6 - 7) prime?
False
Suppose -76*s + 1981361 + 3021491 = 0. Is s prime?
True
Let y = 43 + -53. Is 9305/y*(1 - 3) composite?
False
Is 11 - 13 - (-10 - -5 - 273818) a composite number?
False
Let d = -202 + 206. Suppose 5*b - t + 4*t = 596, -d*b + 468 = -2*t. Is b a composite number?
True
Suppose 151*r = 149*r + 5*z + 3606818, 0 = -5*r - 4*z + 9016913. Is r composite?
True
Is (246/(-369))/(2/(-495987)) a composite number?
True
Let l(g) = -151 - 915*g + 71 + 119 + 43. Is l(-5) a prime number?
True
Let z(w) = -76*w - 182*w - 321*w + 29 - 189*w. Is z(-3) composite?
False
Let r = -4751 - -499. Let l = r - -36069. Is l a prime number?
True
Let f(k) = -19*k**3 + 27*k**2 - 12*k + 619. Is f(-28) composite?
True
Is ((-117)/(-18))/13 + (-8118270)/(-12) prime?
True
Suppose 12*d = 1003 + 2213. Let r = d - -67. Is r a composite number?
True
Let p(j) = 24*j**3 + 106*j**2 - 12*j + 55. Is p(16) a prime number?
True
Let n be (8/(-6) - 20/30)*-55. Let v be (n/4)/(12/24). Suppose -r + 148 = -v. Is r a composite number?
True
Suppose 3*p = 3*i - 2043, -5*i + 2648 = -2*p - 757. Suppose -4748 = -685*g + i*g. Is g prime?
True
Is 9790 - (-2 + 3) - 16 prime?
